5. Let n be -3*(2 - r/(-3)). Suppose -480 = -3*q + 33. What is the highest common divisor of n and q?
19
Let k = -14 - -12. Let x be (k + 3)*(2 - -1). Calculate the greatest common factor of x and 3.
3
Let h = -16 + 8. Let t(n) = -n**3 - 8*n**2 + 4. Let b be t(h). Let y be (-1)/2 - (-578)/b. What is the highest common factor of y and 16?
16
Let y = -8 - -8. Suppose y = -3*r + 73 + 62. Calculate the greatest common divisor of r and 5.
5
Let z(v) = 2*v + 30. Let x be z(0). Suppose 4*y - 22 - 10 = 2*j, -4*y = 4*j + 76. Let n = j + x. What is the greatest common divisor of 4 and n?
4
Let j be (32/(-16))/((-4)/10). Suppose -3*a - j*m = -673, 2*a - 6*a + 859 = -m. Calculate the highest common divisor of 24 and a.
24
Let s(i) = -i**3 + 4*i**2 + 3*i + 5. Let x be s(4). Calculate the greatest common divisor of x and 85.
17
Let p = 60 - 42. Calculate the highest common factor of 72 and p.
18
Suppose 6*s = 9*s + 2*f - 109, -5*f - 116 = -3*s. Calculate the highest common divisor of 407 and s.
37
Let h be 2*3/(-2) + -6. Let d(y) = y**2 + 9*y + 3. Let z be d(h). Calculate the greatest common divisor of z and 15.
3
Let p(b) = 3*b**3 - 2*b**2 - 5*b - 2. Let l be p(2). What is the highest common factor of 52 and l?
4
Let a(s) = -2*s - 3. Let h be a(-8). What is the highest common divisor of h and 104?
13
Let w(k) = -13*k - 1. Suppose 5*s - 2 + 7 = 0. Let l be w(s). What is the highest common divisor of l and 96?
12
Let x(b) = b**3 - 14*b**2 - 15*b + 2. Let t be x(15). Suppose 0 = -d + 5*g + 32, d = 2*d + t*g - 25. What is the greatest common divisor of 18 and d?
9
Suppose 85 = 3*x - j - 3*j, -4*x - j + 88 = 0. Suppose n + 34 = 4*n + 4*v, 2*n = -3*v + x. What is the highest common factor of n and 15?
5
Let z be ((48/15)/4)/((-4)/(-50)). Suppose 26 = 3*j - 19. Calculate the highest common divisor of j and z.
5
Let r be (-66)/(-30) - ((-33)/(-15) - 2). Calculate the highest common factor of r and 2.
2
Let j be 6 - 1 - (2 - 1). Suppose j*x - 864 = -2*q, 459 = 4*x + 3*q - 405. What is the greatest common factor of 27 and x?
27
Suppose -j + 2*j = 130. What is the greatest common factor of 13 and j?
13
Let i(p) = -p**2 + 16*p + 4. Let c(q) = q**3 - 3*q**2 + 3*q + 3. Let z be c(3). Let v be i(z). Calculate the highest common divisor of 26 and v.
26
Let g be (-255)/(-11) + (-20)/110. Calculate the highest common divisor of 23 and g.
23
Suppose 3*p = 6*p - 18. Calculate the greatest common divisor of 42 and p.
6
Suppose y - 2 = 2*d, -3 = 3*d + 3. Let h be ((-3)/y)/((-6)/(-8)). Calculate the highest common divisor of 6 and h.
2
Suppose -2*m + 2*b + 60 = 18, 4*b = -2*m + 48. Let j = 6 - 4. Suppose -3*g = -2*q, 0 = -j*g + g + q - 1. Calculate the greatest common factor of g and m.
2
Suppose -2*d + 3*d + 3*z = 15, 0 = 3*d + 5*z - 41. Suppose -5*s + 58 = -2. What is the highest common divisor of d and s?
12
Let z = -11 - -17. Suppose -6 = 2*y, -4*y - 108 = -d - 3*d. Calculate the highest common factor of z and d.
6
Suppose 3*x + 3*h - 114 = -6, -x = 2*h - 33. What is the highest common factor of x and 3?
3
Suppose f = -4*f + 10, -5*f + 418 = -3*j. Let q = 196 + j. Let y = -94 + 106. What is the highest common divisor of y and q?
12
Let l(g) = -80*g - 3. Let b be l(1). Let q = 158 + b. Calculate the greatest common divisor of q and 15.
15
Let k(b) = 2*b**2 - 33*b - 7. Let s be k(17). What is the highest common factor of 90 and s?
10
Let f be (-2 + 2)*1/1. Suppose f = j + 4*l - 26, 4 + 2 = 3*l. Calculate the greatest common divisor of j and 9.
9
Suppose 5*y + 39 = 2*q, 0 = -0*y - 2*y - 6. Calculate the greatest common factor of 18 and q.
6
Let r be ((-24)/60)/((-1)/(-5)). Let a be -1 + 15 + (-6)/r. Calculate the highest common factor of 68 and a.
17
Let g(n) = 10*n**3 - n**2 + 1. Let j be g(-1). Let z be ((-12)/(-30))/(2/j). Let o be 2/4 + (-25)/z. What is the highest common factor of o and 65?
13
Let g = 124 - 116. Calculate the highest common divisor of g and 16.
8
Let k be (1/1)/(3/363). Suppose 235 = 5*c - 2*j, -4*j = -2*c + 5*c - 167. Suppose -4*h + k - c = 0. What is the greatest common divisor of 162 and h?
18
Let q(i) = i**3 + 8*i**2 + 3*i + 2. Let g be q(-3). What is the highest common divisor of g and 19?
19
Let x(c) = c**2 + 17*c - 14. Let v be x(-18). What is the greatest common factor of 4 and v?
4
Let m(l) be the first derivative of -l**2/2 - 2. Let c be m(3). Let d be (-1)/(-3) + (-461)/c. Calculate the highest common factor of 14 and d.
14
Let t = -22 - -46. Let d be 2*2*18/t. Suppose y + 60 = 2*c + d*c, 0 = 4*c + 2*y - 62. What is the highest common factor of c and 13?
13
Let z be 1 + 11 + (-6)/2. Let h be 83 + (4/(-4) - 1). What is the highest common divisor of z and h?
9
Suppose -2*r = 5*k - 3*r - 95, 0 = 4*k - r - 76. Calculate the greatest common factor of k and 133.
19
Let i(o) = o**3 - o**2 + o + 520. Let g be i(0). Let s be g/50 - (-4)/(-10). What is the greatest common factor of s and 30?
10
Suppose -6*c + 75 = -3*c. Let x be 4/(7 + -3)*c. What is the highest common divisor of 50 and x?
25
Let f be 3*(3 + -2)*75. Calculate the greatest common factor of 25 and f.
25
Let q = 0 - -2. Let b be (-2)/(-10) + 38/10. Suppose 4*f + 6*s - 47 = 3*s, -b*s - 54 = -3*f. Calculate the greatest common divisor of f and q.
2
Suppose 0 = -3*w - w + 32. Let z(j) = -j + 16. Let k be z(w). Suppose 12 = -d - 3*l + 42, 4*l = k. Calculate the highest common divisor of d and 16.
8
Let j = 379 + -255. Suppose 3*r - j = 38. What is the highest common divisor of 81 and r?
27
Let q be 2/(3/48*4). Calculate the greatest common factor of q and 88.
8
Let i = -67 - -89. Calculate the highest common divisor of 33 and i.
11
Suppose -5*f = -m + 155, 4*m - 680 = -0*m + 5*f. Suppose 5*d - m = -3*j, -d + 215 + 40 = 5*j. Calculate the greatest common factor of 20 and j.
10
Suppose 2 = n + z - 5, 2*n - z - 2 = 0. Suppose -12 + 2 = 5*v. Let q be ((-2)/(-6))/(v/(-18)). What is the greatest common factor of n and q?
3
Suppose -4*v + k - 66 = 73, -4*k - 4 = 0. Suppose -o = -f + 16, -3*o + 5*f - 9 = 31. Let b = o - v. What is the greatest common factor of b and 105?
15
Let n = 3 + -19. Let v = -19 - -11. Let k be 2/v - 644/n. Calculate the highest common divisor of k and 16.
8
Suppose -4*v = v - 15. Suppose -65 = -5*x + 2*b + v*b, 5*x - 4*b = 60. What is the greatest common divisor of 88 and x?
8
Suppose 3*k = -5*p - 0*k + 185, -4*k + 20 = 0. Suppose f - 3*f = -p. Let j = -7 + f. What is the greatest common factor of j and 110?
10
Suppose 18*x + 956 = 2396. Suppose 0*p + 3*p = -4*s + 58, -4*p = -s + 24. Calculate the greatest common divisor of x and s.
16
Suppose -265 = 5*c + 2*o, -3*o - 71 = 3*c + 79. Let s = c + 77. Suppose 2*y + 0 = 22. What is the greatest common factor of y and s?
11
Let y be (3/4)/((-5)/(-80)). Suppose -o = o - y. Let v(l) = l**3 - 3*l**2 + 8*l - 2. Let h be v(o). What is the highest common divisor of 14 and h?
14
Suppose 0 = -8*d + 3*d + 25. Calculate the greatest common divisor of 60 and d.
5
Suppose -10 = -2*h + 8. Calculate the highest common factor of 1 and h.
1
Let k(f) = f**2 + 9*f - 14. Let z be k(-11). Let s = -2 + 4. Suppose m + 8 = s*m. Calculate the highest common divisor of m and z.
8
Let z be -33*(0 + (-8)/3). What is the greatest common factor of 11 and z?
11
Let c = -3 - -1. Let u be (-8)/c*6/12. Let g = -3 + 4. What is the highest common factor of u and g?
1
Suppose 5*n + 20 = 0, -493 = -3*j - 3*n - 2*n. Suppose 2*i + j = 5*i. Let m = 241 - i. What is the greatest common factor of m and 23?
23
Let b = 0 + 0. Suppose b = 3*h - h - 8. Let f be 4 - 2/4*(-7 - -7). Calculate the highest common factor of f and h.
4
Let u be 2/(-3) + (-517)/(-33). Calculate the greatest common factor of u and 3.
3
Suppose 5*u - 435 = 925. Let b = -162 + u. Calculate the highest common divisor of b and 10.
10
Let i = 17 + -1. Let l = -797 - -537. Let h = -148 - l. Calculate the greatest common factor of i and h.
16
Suppose -2040 = -2*z - 10*z. What is the greatest common divisor of 10 and z?
10
Suppose 10*n - 3*n - 245 = 0. Calculate the highest common divisor of n and 350.
35
Suppose -8 = 3*n - n. Let y = n + 15. Calculate the highest common factor of 22 and y.
11
Let i = 56 + -23. Let k = 11 - 15. Let w = -1 - k. Calculate the greatest common divisor of w and i.
3
Let l = -6 +